 Let h = 976 - 981. What is l(h)?
-22
Let l be (-16)/(-232) - 259/(-29). Let g(c) be the third derivative of c**4/24 - 11*c**3/6 + c**2. Determine g(l).
-2
Let d(k) = 5*k**3 + 2*k**2 - 3*k + 1. Let v be d(1). Let s(a) = -2*a + 2*a - v*a + 4*a - 4. Calculate s(-3).
-1
Let w = 22 - 7. Let y(r) = r**3 - 16*r**2 + 14*r + 17. Let o be y(w). Let v(h) = 5*h - 4*h + 7*h**o + 2*h**3 - 5*h**2. Calculate v(-1).
-1
Let p(z) = -3*z + 29*z**2 + z**3 + 56*z**2 - 83*z**2 - 1. Let b = -1 - 0. Let d be b + -1 + 0/2. What is p(d)?
5
Let b(y) = 3*y + 7. Let x(p) = 3. Let u(j) = -b(j) - 6*x(j). Give u(-10).
5
Suppose 14*p - 35 = -105. Let g(u) = -6*u - 12. Determine g(p).
18
Let i(t) be the second derivative of -t**5/5 + t**3/6 + t**2/2 - t. Suppose 4*w - 60 = 68. Let o = 31 - w. Give i(o).
4
Let v(l) be the third derivative of l**5/60 + l**4/8 + 2*l**3/3 + 2*l**2. Suppose 2*b - 31 = -39. What is v(b)?
8
Suppose 0 = -4*m + 3*f + f - 4, m + 5*f = 23. Let c(o) = 8*o - 3. Let l(h) = 7*h - 3. Let z(j) = m*l(j) - 2*c(j). Determine z(2).
7
Let x = -77 + 82. Suppose j + 7 = 4*t - 2, -2*t = x*j + 23. Let r(b) = b**3 + 5*b**2 - 5. What is r(j)?
-5
Let t(s) = 2*s**2 - 143*s - 73. Let d be t(72). Let o(z) = -18*z + 3. Determine o(d).
21
Let d(q) = -12*q - 87. Let s(p) = 11*p + 89. Let v(c) = -2*d(c) - 3*s(c). What is v(-10)?
-3
Let f(s) = -s**3 - 9*s**2 - 6*s + 8. Let h be ((5 - 1) + 0)/1. Let z be h/30 - 8/60. Suppose z = -5*g + 4*u - 24, -44 = 4*g - 2*u + 5*u. Give f(g).
-8
Let g(h) = h**2 + 7*h + 9. Let z be g(-6). Let r(u) = -3*u + 5 - 3 + 2*u + z. Calculate r(0).
5
Let q be 0 + (7 + -4 - 3). Let x(u) = 5*u**2 + 3*u**2 + u**3 + u + q + 9. Suppose 4*a = -5*n - 20, -3*n + 5*a = 9 + 40. Calculate x(n).
1
Suppose 12*m - 26*m = 98. Let z(w) = w - 6. Give z(m).
-13
Suppose -68 = -17*d + 51. Let o(w) = w**2 - 11*w + 32. Give o(d).
4
Let i(z) = -11*z**2 - 24*z - 5. Let p(v) = -7*v**2 - 16*v - 3. Let y(k) = 5*i(k) - 8*p(k). Calculate y(-8).
-1
Suppose 386 = 12*f - 118. Let n = f + -47. Let x(r) = 2*r + 4*r**3 - 3*r + 4*r**2 - 3*r**3 + 1. Determine x(n).
-19
Let y = -972 + 975. Let b(r) = 10*r - 6. Give b(y).
24
Let f(s) be the first derivative of -38 + 1/3*s**3 - s + 1/4*s**4 + 0*s**2. Determine f(-1).
-1
Let m = 1298 - 1300. Let w(y) = -9*y - 13. Determine w(m).
5
Suppose -3*l + 9 = -0. Let n be (l/(-9))/((-4)/12) + 5. Let q(f) = -f**2 + 6*f + 8. Give q(n).
8
Let j be 6/24 - (-23)/4. Let z be (-1)/j - (-585)/(-54). Let k = -16 - z. Let g(x) = x**3 + 4*x**2 - 6*x + 4. Calculate g(k).
9
Suppose -3*s + 36 - 6 = 0. Suppose -4*y + 10 = 4*p - s, -4*p + 3*y - 15 = 0. Let h(u) = -15*u + 16*u + 2 + 1. What is h(p)?
3
Suppose -y + 2*k + 2 = -2*y, -8 = -2*y + 2*k. Suppose -y*z = -n + 14, -22 = 2*z - 0*n + n. Let t(m) = -2*m - 12. What is t(z)?
6
Let q be 8 + 14 + 2 + -3 + -1. Let r(l) = l**3 - 20*l**2 + l - 9. What is r(q)?
11
Let f(v) = -v**3 - 10*v**2 - 9*v + 9. Let q be 0 + (-13 - 21/(-3)) + -3. What is f(q)?
9
Let q(m) = m**3 - 5*m**2 - m + 3. Let n be q(5). Let x be n*3*8/(-12). Let c(g) = 317 - 6*g + 2*g**2 - 314 - g**2. Give c(x).
-5
Suppose 6*p = -2*t + 5*p, t + 3*p = -10. Let c(q) be the third derivative of 1/2*q**3 + 5/24*q**4 + q**t + 0*q + 0. What is c(-2)?
-7
Let o(t) be the second derivative of -t**3/6 + t**2/2 + 12*t. Let y(q) = 7*q - 16. Let w(u) = -6*o(u) - y(u). What is w(8)?
2
Let o(x) = x**3 + 9*x**2 + 20*x + 5. Let t = 2283 - 2289. Give o(t).
-7
Let t(l) = 2*l + 4. Let b be (-2)/11 + 0 + 448/(-77). Give t(b).
-8
Let f be (-18)/(-4) + (-55)/22. Let n(l) = -3*l**3 - 3*l**2 + 4*l - 4. What is n(f)?
-32
Let f(x) be the first derivative of x**5/120 - x**4/24 + 3*x**3 - 2. Let d(b) be the third derivative of f(b). Give d(-1).
-2
Let j(o) = 3*o + 4. Suppose 0*t + 2*t = -3*w - 28, -2*w - 18 = t. Let q be 268/22 + 2/(-11). Let n be 2/(1/(q/w)). Calculate j(n).
-5
Let w(n) be the first derivative of -1/3*n**3 - 1/2*n**2 - n + 3. Let u = 157 - 157. Determine w(u).
-1
Let i(w) = -w + 2. Let y(o) = o - 1. Let n(f) = -3*i(f) - 2*y(f). Let x = 10 + -7. Let u(z) = z**2 - 4*z - 2. Let m be u(x). What is n(m)?
-9
Suppose 4*s = u - 18, 4*u - 4*s - 21 = -5*s. Suppose -5*f + 15 = 5*p, -u*f + 2 = -2*p - 4*f. Let z(y) = -y + 4 + p - 2 + 2. Give z(3).
2
Let k(j) be the first derivative of -15 + 0*j + 7/3*j**3 + 0*j**2. Let x = 3 + -4. Calculate k(x).
7
Let g(s) = s - 10. Let a be ((-1)/2)/(3/(-114)). Suppose 4*r = 3*f + 6, 4*f + f + 3*r - a = 0. Suppose 5*u = 2*t + f*u - 4, 3*u - 21 = -3*t. Calculate g(t).
-5
Let r(c) = 2*c**3 + 3*c**2 + c + 2. Let d(z) = -z**3 - 2*z**2 + z + 1. Let p(k) = d(k) + r(k). Give p(-2).
-5
Let u be (-1)/((-122)/40 - -3). Let n = u - 20. Suppose n = -3*q - 7 + 4. Let f(s) = s**3 + s**2 + s. What is f(q)?
-1
Let i(l) = -2*l - 2. Let q(k) = 11*k**2 - 4*k - 1. Let g be q(-1). Suppose -a = 3*a - 8. Suppose 0 = 2*c + 2*j - g + a, 3*j = 3*c + 6. Determine i(c).
-6
Let b = -5 + 2. Let q(l) be the third derivative of l**6/120 + l**5/30 + l**4/8 + l**3/6 - 41*l**2. Determine q(b).
-17
Let w(g) = -g**3 + 2*g**2 - 3*g + 14. Let y(s) = s**2 - 1. Let x(k) = -w(k) - 2*y(k). Give x(4).
0
Let w be (-2)/1 - 2*-4. Suppose s - w + 2 = 0. Let f(z) = 2*z**2 - 3*z + s*z + 9 - z**2 + 0*z**2. Calculate f(0).
9
Let p(f) = -4*f + 6. Let w = -116 + 74. Let x = w - -46. Give p(x).
-10
Let t(y) = -y - 6. Let m be (-49)/63 + 2/(-9). Let v be (0 + m)*(-5)/1. Suppose z - 2*z + v = 0. What is t(z)?
-11
Suppose -9 + 1 = -y. Let u(z) = -2*z**2 + 10*z + y - z**2 + 10*z**2 - 6*z**2. Determine u(-9).
-1
Let o(c) = -3*c + 12. Let u be 9 - -3*4*(-5)/(-60). What is o(u)?
-18
Suppose -4*d + 8 = 4. Suppose d = -3*x + 19. Let j(v) = -v + 4. Calculate j(x).
-2
Let x(k) be the first derivative of -k**4/12 + 2*k**3/3 + 31*k**2/2 - 12. Let g(b) be the second derivative of x(b). Determine g(-4).
12
Let h(y) = -3 + 1 + y**2 - 2*y + 1. Let z be (51/(-10)*-2)/((-10)/(-100)). Let d = 105 - z. Determine h(d).
2
Let w(i) = -i**3 - 8*i**2 + 5*i - 33. Let v be w(-9). Let z(d) = 12*d - 3. Give z(v).
33
Suppose 4 + 3 = -2*d - 3*n, 3*d - 5*n + 20 = 0. Let c(w) be the third derivative of w**6/120 + w**5/15 - w**4/8 - w**3/2 - w**2. Give c(d).
-13
Let s(j) = -j**2 + 4*j - 6. Let k(z) = z. Let l(w) = k(w) + s(w). Calculate l(4).
-2
Let h(n) = -6*n - 3. Let q(o) = -5*o - 3. Let l(y) = 3*h(y) - 4*q(y). Suppose -1102*k + 24 = -2*w - 1106*k, 0 = -4*w + 2*k - 18. Determine l(w).
-9
Suppose -3*c = -c. Suppose 2 = -0*j + j. Let i(s) = -s + 3 - 2*s**j + 3*s**2 - 3. Give i(c).
0
Suppose -q = 3*q - m - 6, 10 = 2*q + 3*m. Let f be q*(4 + (-7)/2). Let h(o) = 3*o**3 + o**2 + o - 1. Give h(f).
4
Let v(i) = -i**3 - 5*i**2 + 7*i - 1. Let m(r) = 36*r + 1. Let t be m(-1). Let w = t + 29. Determine v(w).
-7
Let m(l) = l - 4. Let j(p) = -3*p - 55. Let o be j(-18). Let x(g) = -14*g - 8. Let u be x(o). Give m(u).
2
Let v be 22/2*(-72 + 71). Let d(h) = -h**3 - 10*h**2 + 7*h - 16. Give d(v).
28
Suppose 0*o + 2*o + 3*l + 9 = 0, o - 2 = 5*l. Let w(u) = -2 + 7*u - 8 + 3 + 4. Let d(n) = -20*n + 9. Let h(c) = 6*d(c) + 17*w(c). Calculate h(o).
6
Let z = 3432 + -3427. Let p(i) = -2*i**2 - 3*i. Let w(o) = -3*o**2 - 2*o - 1. Let h(s) = 4*p(s) - 3*w(s). Determine h(z).
-2
Let i(b) = -b**2 + 5*b + 6. Let z be i(5). Let h(w) = 0*w**2 - 5 + 3*w**2 - 2*w**2 - z*w. Suppose -j + 348 - 354 = -2*g, -33 = -2*j - 5*g. Give h(j).
-13
Let o(g) = g**3 - 10*g**2 - 26*g + 29. Suppose 120 = 3*u + 7*u. Let p be o(u). Let k(b) = b + 5. What is k(p)?
10
Let x(m) = -m**2 + 11*m + 15. Let a = -48 + 61. Give x(a).
-11
Let x = -2938 + 2917. Let n(m) = m**3 + 20*m**2 - 23*m - 41. Give n(x).
1
Let i(q) = q + 7. Let v = -5 + 1. Let c be i(v). Let u be -6 - (-2 + 3/c). Let d(t) = -t - 1. Give d(u).
4
Suppose 0 = -4*y + 4*x + 28, -22 = -y - 2*y + 4*x. Let o be (-2)/y - 391/51. Let l be (-1 - -4)/(o/16). Let q(k) = k**3 + 5*k**2 - 4*k + 8. What is q(l)?
-4
Let z(j) = 70*j**2 - 16*j**2 - 18*j**2 + 2 + j - j**3 - 30*j**2. Determine z(6).
8
Let u = 251 + -258. Let t(f) = f + 2. Determine t(u).
-5
Let p be (-2 + 4)*3/(1/(-1)). Let m be ((-58)/(-7) - p/(-21)) + -3. Let d(a) = -2*a + 2. Determine d(m).
-8
Suppose 0 = -y + 4*d - 11, 42 = 5*y - 2*d + 7. Let b = y - 7. Let g(a) = -3*a + 8*a + 2*a - 5*a. Give g(b).
4
Let u(w) be the first derivative of -7*w**2/2 + 2*w - 128. What is u(2)?
-12
L